- (-12 - -30)) + 21 + -4?
-27
What is (-1 - -12 - (-25 + 57)) + (-11 - 0)?
-32
What is (34 - (23 + -6)) + 2?
19
(-4 - (-20 + -5)) + -11 - (11 - 5)
4
Evaluate -9 + (10 - -1 - (16 + -17)).
3
What is the value of (-8 - (8 - (2 + 4))) + 12?
2
Evaluate 6 + (7 + -27 - -14).
0
What is -2 + -3 - (-16 - -11 - -1)?
-1
What is 55 - 70 - (1 + -2 + 2 + -3)?
-13
Calculate 19 + 2 + (65 - 64).
22
-11 + 11 - -1 - ((-6 - -2) + -15)
20
Evaluate 19 + (-1 + 19 - 45).
-8
What is 16 - (-8 - (-25 - -17))?
16
What is the value of -16 + -2 + -21 - -31?
-8
What is -4 + -2 + 4 - ((13 - -9) + -12)?
-12
What is the value of (38 - 33) + 2 + (-12 - (-2 + 2))?
-5
What is the value of (10 - 14) + (-5 - -1 - -2) + 8?
2
Evaluate 10 + (2 - 11) + 0 + 7.
8
What is the value of -19 - (34 + -39 + -16)?
2
What is the value of -16 + (-109 - -115 - (-1 + 4))?
-13
Calculate -3141 + 3161 - (0 + -8 + (-1 - 0)).
29
What is the value of -214 - -206 - (1 - -7)?
-16
What is 0 + 15 + -30 + 21?
6
What is the value of 16 - (5 - -16) - (3 - 11)?
3
Calculate 15 + -40 + (-3 - 2 - (5 + 1)).
-36
Evaluate -91 + 95 + -16 + -1.
-13
What is the value of -235 + 291 - (-2 - -33)?
25
Evaluate (18 - -1) + (-869 - -867).
17
What is the value of -26 - ((-7 + 21 + -4 - 2) + -5)?
-29
What is 5 + -7 + 6 - ((2 - 5) + 12)?
-5
What is -64 + 44 + 3 + 9?
-8
Evaluate 11 - (-1 + 12 + -13 + 12).
1
What is (7 - 12) + 7 + 11?
13
What is -6 + (14 - (17 + 5) - (1 + -1))?
-14
(17 - (37 - 5) - -18) + 0 + -11
-8
5 + -7 + -17 + 1 + 9
-9
Evaluate -7 + (-1 + 9 - 5) + 25.
21
What is 11 - (-15 - -23) - 11?
-8
Calculate -3 + (-11 + 14 - -8) + 0 + -11.
-3
Calculate 0 + 0 - (-19 - (-8 - 14)).
-3
What is 1490 + -1461 - (-1 + 26)?
4
What is (1411 - 1397) + (2 - 0 - (4 + -1))?
13
Calculate (-8 + 3 - -1) + 2 + -2 + -6.
-10
12 + (12 + -25 - -2)
1
Evaluate 83 - 98 - (1 + -35) - (-8 + 1).
26
Calculate -54 + 81 + 1 + -14.
14
Calculate -18 - (11 + -18 + (19 - 17)).
-13
Evaluate (39 - -1) + (-150 - -110).
0
Calculate 9 + 26 + (-19 - -5) + 9.
30
What is 31 - 13 - (-2 + -4 - -4)?
20
What is -29 + (14 - 6) + 7?
-14
What is -11 + (3 - 2) + (13 - 6)?
-3
Evaluate (0 - 9) + 29 + -5.
15
Evaluate 24 + 65 + -75 - (-8 - 1).
23
What is the value of -4 + 1 + 3 + -3 - (-118 + 106)?
9
What is (-6 - -27) + (-17 - -37 - 12)?
29
What is -32 - (-37 + 6) - ((16 - -1) + 0)?
-18
Calculate -36 - (-1 - 70) - 21.
14
Calculate -4 + 13 + 0 + (-11 - 4).
-6
What is the value of -6 + 2 - (3 - (25 + -13))?
5
Calculate 10 + (-11 - (-21 - -19) - (-8 - 0)).
9
Evaluate -3 + -21 + (-1 - (-12 + 4)) + -2.
-19
What is 9 + (6 - (2 + 43 + 13 + -9))?
-34
What is 9 + (-3 - 23) - -19?
2
What is 21 + (6 + -11 + -9 - -4)?
11
Calculate (-13 - -2) + (33 - (-3 - -30)).
-5
What is the value of 8 - ((0 - (-1 + 0)) + (-17 - -22))?
2
Evaluate -6 - (-3 - (6 + -8)) - 4.
-9
Calculate 135 + -119 + -47 + (0 - -2).
-29
What is the value of -4 - (-17 + (-11 - (-18 + 12)))?
18
3 + (11 - (24 - 10)) + -16 + 2
-14
What is (1 - (8 + -12 + -8)) + 2?
15
Calculate (6 - (-13 + 9 + (1 - -6))) + -14.
-11
What is the value of -25 - (-4 + 4) - (-4 - 5)?
-16
What is 8 + (2 - 11) + 2 + 19?
20
What is the value of -1 - -2 - 2 - (-86 - -74)?
11
Evaluate (6 - 0) + (-6 - (2 - 18)).
16
Calculate (34 + 0 - -3) + -18.
19
What is (17 - 1) + (9 + 16 - 30)?
11
What is (-8 - (-37 - 5) - 15) + -31?
-12
What is -1 - 0 - 1 - -1 - (-254 + 258)?
-5
What is 12 - (-6 + (7 - -1)) - (1 + -1)?
10
Evaluate -11 + 11 + -6 + 5 + -4.
-5
Calculate 7 + -6 + (24 - -1) - 5.
21
32 + 1 + -2678 + 2669
24
What is (10 - (4 + 1 + 2)) + (0 - 3)?
0
Calculate (-1 - -2) + (34 - 6 - 0).
29
What is -43 - (-27 + 11) - -22?
-5
What is -18 - (-6 + -16 - -7)?
-3
96 - 96 - ((-4 - -2) + 15)
-13
(-1 - -2) + 2 + (-4 - 9)
-10
Evaluate -1 - ((1 - 1) + 3) - (69 - 69).
-4
-2 + (3 - 11) - -4 - (6 + -3)
-9
(-33 + 82 - 38) + -1 + -19
-9
(14 - 13) + (1 + -6 - 6)
-10
Evaluate 1 + -1 + (11 - (36 - (-8 - -21))).
-12
What is 10 - 0 - (20 - 27)?
17
What is (10 - 24 - -13) + -7 + 16?
8
Calculate -8 - ((4 - 10) + (-2 + -2 - -8)).
-6
Calculate 1 - 0 - (-7 - -4) - 2 - -6.
8
What is the value of 16 + (-2 - (16 + -9) - -17)?
24
What is -23 - ((3 - -3) + (3 - 17))?
-15
Evaluate -45 - (-9 - (9 - (7 - (-1 - 1)))).
-36
Evaluate (7 - 12) + (4 - -5) + 2 - -3.
9
Evaluate (1 - 0) + (37 - 24) + (-1 - 17).
-4
Calculate -1048 + 1040 + 0 + 12.
4
Evaluate -16 + (1 - (-1 - 2)) + -9.
-21
What is the value of 22 - (22 + -26 - -33)?
-7
What is the value of (-16 - -16) + (-5 + 3 - -8) - 30?
-24
Evaluate -1 - (0 + (-138 + 106 - (2 - 1))).
32
Evaluate 102 + -97 + 3 + (-2 + 5 - 44).
-33
Calculate (17 + -17 - (4 - 10)) + -2 + 4.
8
What is (-1 - (-3 + 2)) + -5 + -14?
-19
Evaluate 17 - (19 + (-34 - (-1 + -16))).
15
What is (-40 - -36) + (12 - 2)?
6
Evaluate -18 + 27 - ((1 - 2) + 1).
9
-10 + 1 - (-372 + 355)
8
Evaluate -1160 + 1190 - (0 + 3).
27
Calculate -1 + -4 + -3 + -29 + 13.
-24
(-4 - -8) + (-7 + (3 - -2) - 7)
-5
What is -8 + 0 - (1 + -1) - -7?
-1
What is 20 - (8 + (-8 - -3 - -8))?
9
(-34 - (-29 - 8)) + -5
-2
What is the value of 1 + (13 + -2 - (8 - 6))?
10
What is the value of 10 - (-5 + (1 - -2) + (-6 - -16))?
2
What is the value of -8 - (-4 + -10) - 8?
-2
What is -3 - 1 - (-405 - -406)?
-5
Calculate -3 + -7 + 14 + 2 - -2.
8
Evaluate -1 - 1 - (-59 + 53) - (26 + -28).
6
What is the value of 14 - ((6 - -40) + -2 + 2)?
-32
What is (-305 - -309) + (-1 - -2)?
5
Evaluate -58 - (6 - 44) - -27.
7
What is the value of 13 + 3 + -19 - -19?
16
Evaluate -17 + 36 + -5 + -24.
-10
What is 33 - ((-11 - (-18 + 9)) + 4)?
31
What is 9 + (-24 - (0 + -1 + -4))?
-10
-18 - (10 + (8 - 17) + -12)
-7
10 + -3 + 23 + -20
10
What is -35 + (19 - (-21 + 24))?
-19
What is the value of (1 - 19) + 21 - -9?
12
Calculate (-47 - (-41 - -25)) + 20.
-11
Calculate 10 - (3 + 1 + (12 - (9 + 7))).
10
Evaluate (22 - 21) + -21 + 15.
-5
What is (9 - -2) + 1 - 17?
-5
(1 - 2) + 23 + -24 - -7
5
What is the value of (30 - (-7 + 6 - -8)) + -1?
22
-3 + 10 - (-16 - (3 + -5))
21
Calculate (18 - 28) + -2 - -24.
12
What is -25 + 18 - (0 - 12)?
5
What is the value of (-14 - -4 - -4 - -10) + 2?
6
(1 - 13) + 1 + -19 + -14 + 31
-13
Calculate 5 + -14 + 0 - 0.
-9
Calculate 298 + -324 + (-2 - -9).
-19
What is (6 - 1) + 2 + -18 + 10?
-1
Evaluate 27 + (-7 - 3) + 0 + 2 + 2.
21
What is the value of (0 - 10) + (-2 + 21 - (66 + -56))?
-1
-7 + -2 + (11 - -4 - -2)
8
Evaluate -20 + 18 + -6 + 4 + 18.
14
What is the value of (3 - (5 + 15)) + 28 + -33?
-22
What is (0 - 4) + (-7 - (22 + -27))?
-6
-441 + 447 + 2 + -20 + 1
-11
-1 - 14 - (-36 - -37)
-16
Evaluate (-265 - -261) + -1 + 19 + 1.
15
Evaluate 27 + -23 - ((3 - 2) + 1 + 1).
1
What is the value of 5 - -1 - (-8 + 4) - 6?
4
Evaluate -23 + -1 - (-3 + -10).
-11
What is -6 - 4 - (-9 - -9)?
-10
7 + (0 - 2) + (10 - -3 - 27)
-9
Evaluate 24 + (0 - 2) - 31.
-9
Calculate (13 - (3 - -4)) + (-11 - -4) - -8.
7
What is the value of (-4 - 4) + 8 + (-1 - -21) + -5?
15
What is the value of -90 + 110 + (-2 - -5 - 1)?
22
What is the value of (-2 - -37) + (-220 - -183)?
-2
What is -11 - (-7 - (-3 - (-18 + 10)))?
1
Calculate -1 - 18 - ((35 - 18) + -21).
-15
Calculate 27 + -1 + (9 - -27) + -31 + -8.
23
What is 6 - (-8 - (-2 - 22))?
-10
What is the value of 5 + -2 + 7 + -17 + 5 + -4?
-6
Calculate (602 - 595) + (8 - 0).
15
What is 23 + -17 + -30 - -28?
4
What is (-6 - -2) + 0 + 9 - 11 - 7?
-13
Evaluate 1 - (8 + -6) - (-4 + 11).
-8
Calculate 23 + (-10 - -3 - 0) + -1 + 0.
15
Calculate -411 - -399 - (0 + -1 - -21) - 3.
-35
What is (14 + -1 - 6) + (-8 - 14)?
-15
Calculate 5 + -2 - 10 - (-108 + 99).
2
Calculate (28 - 41 - -9) + (24 - (0 + -1)).
21
What is the value of 1 - (-14 + 11 + -4)?
8
What is 7 + (-15 + -2 - (3 + -36))?
23
What is the value of (14 + -5 - 29) + 25?
5
Calculate 9 + 15 + (-7 - 2) + -15.
0
What is the value of -5 + 11 + (3 + -6 - 2) + 20?
21
What is the value of 5 - (4 + -10 + 10 + 5)?
-4
Evaluate -1 + (1 - (2 + -2)) + 4.
4
What is 13 + -13 + -1 + 0 - -1?
0
What is the value of (-2 + -2 - (2 - 11)) + (-4 - -4)?
5
213 + -203 - (4 - (1 - 3))
4
(-2 - (-2 - 0)) + (158 - 156)
2
Calculate -178 + 188 - (8 + (-1 - 2)).
5
What is (-5 - -9) + (-16 - -17 - (1 + -15))?
19
-19 + 48 + (49 - 42)
36
1 + -1 + 14 - (-183 - -192)
5
-62 - (-70 + 37 + -1)
-28
Calculate 27 + -22 + (-1 - 3) - (14 + 10).
-23
16 + 9 + -3 - 5 - (-10 + 5)
22
What is the value